5205 (base 7) to base 12
-31218
3527a0 (base 11) to base 2
10001000101101101001
-45749 (base 14) to base 8
-511565
What is 237823 (base 13) in base 2?
11001110010011100101
What is a76e2f (base 16) in base 3?
202122110202000
What is 25434104 (base 6) in base 9?
1503214
What is 312230303 (base 5) in base 12?
522265
Convert -468329 (base 12) to base 2.
-100010100110111010001
What is -19f0de (base 16) in base 15?
-238ac7
Convert a5503 (base 11) to base 16.
25849
What is -10002121220 (base 4) in base 6?
-34404012
Convert 114184 (base 10) to base 5.
12123214
Convert 2201403 (base 8) to base 16.
90303
What is -278ccd (base 15) in base 11?
-108a847
What is -3450a7 (base 12) in base 5?
-203310312
Convert 3467705 (base 9) to base 4.
13021321220
Convert 44924 (base 13) to base 8.
363247
47259 (base 11) to base 15
1530c
Convert -2033032000 (base 4) to base 6.
-20323504
What is 56522 (base 8) in base 14?
89c6
Convert b0514 (base 16) to base 7.
6065346
1013033103 (base 4) to base 7
2323500
Convert 1231000 (base 4) to base 14.
2784
Convert -3843235 (base 9) to base 5.
-1014022330
What is -121330314 (base 5) in base 2?
-10001100000110001010
Convert -83506 (base 11) to base 6.
-2335324
What is 10111201112 (base 3) in base 10?
69053
10101010100011111 (base 2) to base 11
5a679
3949 (base 12) to base 5
202122
Convert 121120032 (base 4) to base 14.
29c50
What is 2151806 (base 12) in base 4?
120020301012
Convert 112488 (base 14) to base 13.
17526b
35138 (base 9) to base 10
23444
-615398 (base 15) to base 14
-8854a4
What is 89ab4c (base 13) in base 15?
443526
What is 1010212212221222 (base 3) in base 16?
fa72df
What is -1225774 (base 13) in base 8?
-25405174
What is 21426 (base 9) in base 14?
5263
Convert 20210112020 (base 3) to base 10.
133791
Convert ac8b (base 16) to base 7.
242531
What is 23124124 (base 5) in base 8?
626247
-19866 (base 13) to base 12
-24976
15530533 (base 6) to base 10
556185
Convert -317604 (base 9) to base 15.
-3b151
What is -10413043 (base 5) in base 11?
-62947
Convert 100110020210111 (base 3) to base 6.
255403451
What is -1000122011112 (base 3) in base 8?
-2046324
Convert -10101112021202 (base 3) to base 13.
-4b1022
-3233222210 (base 4) to base 12
-3b4118
Convert -33730 (base 13) to base 12.
-46134
What is 49b40 (base 13) in base 11?
93141
Convert 11030132302 (base 4) to base 15.
1bd797
Convert 11011101110100110000 (base 2) to base 11.
570703
Convert 123136 (base 10) to base 4.
132010000
What is 2220311110 (base 4) in base 8?
2506524
80a80 (base 12) to base 15
34919
-103015a (base 11) to base 15
-25ce9a
2013614 (base 7) to base 4
322112321
Convert 2135366 (base 7) to base 9.
437282
-1112322 (base 5) to base 10
-19712
11311210224 (base 5) to base 14
1a22630
1864e62 (base 15) to base 12
5b58a85
2e477 (base 15) to base 8
444010
2332311012 (base 4) to base 8
2766506
-14521165 (base 10) to base 12
-4a43551
-10300542 (base 8) to base 13
-5bb5c6
-752476 (base 9) to base 8
-1552777
Convert 1638421 (base 14) to base 9.
22444382
-10022210101 (base 3) to base 2
-1111111110110010
39b561 (base 15) to base 4
22210301323
What is 4a326 (base 11) in base 8?
215111
-5015244 (base 7) to base 13
-1798b3
What is 1110011111010111101 (base 2) in base 6?
14102113
Convert -2585511 (base 9) to base 14.
-28b7a3
What is -11367214 (base 8) in base 10?
-2485900
-1172136 (base 11) to base 9
-3745446
What is 1255246 (base 7) in base 8?
502373
-201100101 (base 4) to base 11
-93377
What is -1a4161 (base 13) in base 8?
-2424523
239a42 (base 14) to base 10
1217610
Convert -1023013000 (base 4) to base 12.
-12a054
What is 30a06a (base 11) in base 6?
14350443
What is bb97 (base 14) in base 11?
22441
What is 5935c (base 14) in base 15?
44666
1012113332 (base 4) to base 7
2310251
What is -302203321 (base 4) in base 16?
-328f9
What is -1011011000000000001010 (base 2) in base 8?
-13300012
What is -1a20788 (base 12) in base 9?
-11337665
Convert -12211032 (base 4) to base 5.
-1330313
1143530 (base 11) to base 3
10202101201210
Convert b74bc (base 15) to base 3.
1002112202220
-311121230 (base 6) to base 14
-9dd322
-79379 (base 14) to base 8
-1076637
a8821 (base 13) to base 3
120110210012
What is -521233 (base 7) in base 10?
-89302
-10234024 (base 5) to base 11
-5a207
-120011020210 (base 3) to base 6
-10221120
11000000001001001100100 (base 2) to base 5
3102434124
-25077 (base 11) to base 10
-36021
Convert 6c8844 (base 13) to base 3.
11212120002110
Convert 1866785 (base 9) to base 11.
6565a5
Convert -120012110112200 (base 3) to base 10.
-8079174
What is -ccc0 (base 15) in base 2?
-1010100101110100
Convert 222274 (base 10) to base 4.
312101002
What is 29ee75 (base 15) in base 14?
3a9d09
Convert 210200221 (base 3) to base 5.
1001240
-656580 (base 9) to base 10
-391950
Convert -1110101100001100 (base 2) to base 5.
-3411142
34150020 (base 6) to base 2
11111110000100111100
Convert -4263750 (base 11) to base 2.
-11100100111010100011111
-1102189 (base 14) to base 12
-2853b79
Convert 67818 (base 10) to base 7.
401502
-212211020210 (base 3) to base 8
-1623702
What is 1250440 (base 7) in base 14?
43820
Convert -30545 (base 11) to base 12.
-21969
What is -ea63 (base 15) in base 4?
-30012321
What is -22439 (base 10) in base 7?
-122264
What is 154148 (base 9) in base 10?
94895
What is 1a69 (base 11) in base 5?
40431
What is -14057640 (base 8) in base 16?
-305fa0
What is 100111010100001 (base 2) in base 3?
1000121112
Convert 111001000100101 (base 2) to base 6.
343141
Convert -121232030 (base 4) to base 15.
-2133b
-10728320 (base 9) to base 8
-23712447
Convert 75263767 (base 8) to base 12.
5477307
Convert 455044 (base 6) to base 11.
27085
-101c8 (base 16) to base 7
-363253
What is 213145055 (base 6) in base 5?
1432340321
What is -2102121202210 (base 3) in base 6?
-43403420
What is -630175 (base 10) in base 5?
-130131200
What is -1528 (base 12) in base 10?
-2480
What is -a7b668 (base 14) in base 11?
-3229468
What is -14312554 (base 6) in base 9?
-828587
Convert 21112120210110 (base 3) to base 14.
76449d
Convert 100832 (base 13) to base 14.
99b66
What is 11100011111001000110 (base 2) in base 3?
1202102110002
What is -93504 (base 10) in base 13?
-33738
100101100100110010 (base 2) to base 10
153906
Convert -11032110313 (base 4) to base 12.
-560587
Convert 264542 (base 10) to base 11.
170833
-1a19786 (base 11) to base 8
-15003340
What is -5cbdab (base 15) in base 10?
-4444586
Convert -31425241 (base 6) to base 9.
-1653747
Convert 23113222310 (base 4) to base 12.
bb8a18
1010101011001110111 (base 2) to base 11
219904
-410707 (base 10) to base 15
-81a57
Convert 3324525 (base 6) to base 5.
20320244
What is -1031210200 (base 4) in base 12?
-133a54
1110100101111110100101 (base 2) to base 3
21012100200220
Convert -6974279 (base 10) to base 4.
-122212231013
What is 16cb2 (base 14) in base 10?
57388
Convert 6f7c47 (base 16) to base 14.
d82915
Convert 24a7594 (base 11) to base 3.
22011200112001
Convert -93815 (base 15) to base 4.
-1302021302
-32021211 (base 4) to base 9
-87446
-111511 (base 6) to base 7
-36424
What is -5647a2 (base 12) in base 8?
-5200552
b609 (base 13) to base 12
126b2
What is -13a94b3 (base 12) in base 13?
-a868b8
11122323323 (base 4) to base 8
5327373
Convert 47aa4 (base 13) to base 6.
2452315
652859 (base 10) to base 14
12dccb
What is -155188 (base 10) in base 16?
-25e34
Convert 406124 (base 10) to base 9.
678078
What is -950876 (base 10) in base 2?
-11101000001001011100
Convert 5624306 (base 7) to base 9.
1268832
What is 11333121022 (base 4) in base 6?
53354134
-374296 (base 10) to base 9
-630384
-13021233 (base 4) to base 3
-1111012000
What is 202022210 (base 3) in base 5?
433232
Convert 14b3c6 (base 14) to base 4.
2300120002
Convert -9507c (base 14) to base 10.
-359574
What is 1122350244 (base 6) in base 7?
210512254
What is -951961 (base 14) in base 15?
-69770e
What is a2251 (base 13) in base 10?
290408
Convert -3335745 (base 10) to base 12.
-114a4a9
What is 1012113244 (base 5) in base 14?
3bb255
What is c3d585 (base 14) in base 2?
11001001100110001010001
Convert 1513314 (base 7) to base 15.
40c4c
Convert 1200030223 (base 5) to base 15.
390b5d
Convert -340023 (base 15) to base 7.
-30041145
Convert 1418122 (base 11) to base 9.
4530623
-201027 (base 8) to base 15
-1489b
Convert -1441e4 (bas